mmon divisor of 480 and 99570.
30
What is the highest common divisor of 782 and 374?
34
What is the greatest common divisor of 162590 and 20?
10
Calculate the highest common divisor of 99 and 238953.
33
What is the greatest common divisor of 758058 and 161?
7
What is the highest common factor of 747 and 366279?
249
Calculate the highest common divisor of 1729 and 3731.
91
What is the highest common factor of 263535 and 45?
15
Calculate the highest common divisor of 628 and 3209551.
157
Calculate the greatest common factor of 16281 and 201.
201
Calculate the highest common factor of 63728 and 7.
7
What is the highest common divisor of 16376 and 11132?
92
What is the greatest common factor of 7812 and 781851?
651
What is the greatest common divisor of 32157 and 3321?
81
What is the highest common divisor of 241434 and 34?
34
What is the greatest common divisor of 1638 and 14560?
182
Calculate the highest common factor of 31 and 1264335.
31
Calculate the greatest common divisor of 1407859 and 355.
71
Calculate the greatest common factor of 205956 and 540.
108
What is the greatest common factor of 188279 and 182?
91
Calculate the greatest common factor of 29115 and 20.
5
Calculate the highest common divisor of 506127 and 339.
339
Calculate the highest common divisor of 235136 and 11.
11
What is the greatest common divisor of 2100 and 876?
12
Calculate the greatest common factor of 624 and 21072.
48
What is the highest common factor of 732 and 7608?
12
What is the highest common factor of 2430 and 386856?
486
What is the highest common divisor of 254706 and 12?
6
What is the highest common divisor of 45291 and 93?
93
What is the highest common factor of 58047 and 44?
11
What is the highest common divisor of 119982 and 6?
6
Calculate the greatest common factor of 51114 and 42.
42
Calculate the greatest common factor of 163812 and 816.
204
What is the highest common factor of 58144 and 575989?
1817
Calculate the greatest common factor of 1767341 and 235.
47
What is the highest common divisor of 81 and 40095?
81
What is the greatest common divisor of 1 and 35885?
1
Calculate the highest common divisor of 114 and 24890.
38
Calculate the greatest common factor of 567 and 6573.
21
Calculate the highest common factor of 101340 and 1980.
180
What is the highest common factor of 1036 and 1771560?
1036
Calculate the highest common divisor of 810 and 748350.
90
Calculate the highest common divisor of 516 and 948.
12
What is the greatest common divisor of 81430 and 1190?
170
Calculate the greatest common divisor of 20769 and 28.
7
What is the greatest common factor of 94692 and 3035?
607
What is the highest common divisor of 10413 and 153?
9
Calculate the highest common divisor of 536992 and 485.
97
Calculate the highest common divisor of 2014989 and 309.
309
Calculate the greatest common factor of 47295 and 5.
5
What is the greatest common divisor of 10816 and 108?
4
What is the highest common divisor of 3558624 and 336?
48
What is the highest common divisor of 20392 and 128?
8
What is the highest common divisor of 70369 and 299?
13
Calculate the greatest common divisor of 219 and 102127.
73
Calculate the greatest common divisor of 7453 and 754.
29
What is the highest common factor of 26828 and 2660?
76
Calculate the highest common factor of 99 and 6381.
9
Calculate the highest common divisor of 40922 and 148.
74
Calculate the greatest common factor of 79 and 18091.
79
What is the greatest common divisor of 138672 and 1819?
107
What is the greatest common divisor of 1650 and 2400?
150
Calculate the highest common divisor of 4224 and 178896.
48
Calculate the greatest common factor of 44 and 891.
11
What is the highest common divisor of 2295 and 61047?
459
What is the highest common divisor of 12 and 13308?
12
Calculate the greatest common factor of 990 and 89199.
99
What is the greatest common factor of 21109 and 88?
11
Calculate the greatest common divisor of 8024 and 28968.
136
What is the highest common factor of 8073 and 13689?
351
Calculate the greatest common factor of 10 and 585900.
10
What is the highest common divisor of 814 and 3016277?
407
Calculate the highest common factor of 6366 and 270.
6
What is the greatest common factor of 4980 and 960?
60
What is the highest common factor of 52626 and 2352?
294
What is the highest common factor of 718615 and 1010?
505
What is the greatest common factor of 463901 and 3548?
887
What is the greatest common factor of 12617685 and 5010?
2505
Calculate the greatest common factor of 53 and 41605.
53
What is the highest common factor of 18 and 5342?
2
Calculate the greatest common factor of 27 and 136179.
9
What is the highest common factor of 5280 and 1012?
44
What is the greatest common factor of 26 and 1421875?
13
What is the greatest common divisor of 382503 and 469?
67
Calculate the highest common divisor of 3338 and 104.
2
Calculate the highest common divisor of 4332 and 71098.
38
Calculate the highest common divisor of 5513552 and 11.
11
Calculate the greatest common factor of 494 and 152750.
26
What is the greatest common factor of 135628 and 287?
41
Calculate the highest common divisor of 963 and 10220319.
963
Calculate the greatest common factor of 59 and 153636.
59
Calculate the highest common factor of 1969 and 5819.
11
What is the highest common divisor of 56735 and 35?
35
What is the greatest common factor of 34155 and 1656?
207
Calculate the greatest common divisor of 376 and 131624.
8
Calculate the highest common factor of 652560 and 540.
60
Calculate the greatest common factor of 12392 and 568.
8
Calculate the highest common divisor of 174 and 3851142.
174
What is the highest common divisor of 1421 and 1323?
49
What is the greatest common factor of 434 and 635500?
62
What is the highest common divisor of 2937 and 84381?
33
What is the highest common divisor of 369680 and 640?
80
Calculate the highest common divisor of 2316 and 6324.
12
Calculate the highest common divisor of 45 and 6219.
9
Calculate the greatest common factor of 3638478 and 6.
6
What is the highest common factor of 3916 and 4246?
22
Calculate the highest common factor of 325 and 5057.
13
Calculate the greatest common divisor of 145 and 9936995.
145
What is the highest common factor of 31752 and 2754?
162
What is the greatest common factor of 12274 and 272?
34
Calculate the greatest common divisor of 35 and 171941.
7
Calculate the greatest common factor of 1165 and 805.
5
Calculate the greatest common divisor of 378 and 252450.
54
What is the highest common divisor of 87 and 118291?
29
What is the greatest common factor of 145856 and 1536?
64
Calculate the highest common factor of 13308 and 12.
12
What is the highest common factor of 5153533 and 254?
127
What is the greatest common factor of 231 and 17721?
33
What is the greatest common divisor of 74982 and 12?
6
Calculate the greatest common factor of 108188 and 136.
68
Calculate the highest common divisor of 103630 and 946.
86
What is the greatest common divisor of 198 and 20493?
99
What is the highest common divisor of 12 and 694572?
12
What is the greatest common divisor of 1958 and 12994?
178
What is the greatest common factor of 3252 and 57?
3
Calculate the greatest common factor of 3420 and 3325.
95
Calculate the greatest common factor of 289408 and 266.
266
What is the greatest common divisor of 130 and 702?
26
What is the highest common divisor of 62 and 80414?
62
What is the greatest common factor of 7369422 and 738?
246
What is the greatest common divisor of 296 and 7094084?
148
What is the greatest common factor of 10700 and 150?
50
What is the greatest common divisor of 32038 and 1930?
386
What is the greatest common divisor of 8201700 and 30?
30
What is the highest common factor of 403542 and 846?
846
What is the highest common divisor of 2885 and 373896?
577
Calculate the highest common factor of 16 and 2572.
4
What is the highest common factor of 130396 and 28?
28
Calculate the greatest common divisor of 14 and 1137717.
7
Calculate the greatest common factor of 875 and 11053.
7
What is the highest common factor of 2097 and 70832?
233
What is the greatest common factor of 49203 and 497?
497
Calculate the highest common divisor of 4615 and 2642549.
923
Calculate t